{"id":37630,"date":"2020-06-12T12:43:52","date_gmt":"2020-06-12T11:43:52","guid":{"rendered":"https:\/\/www.utrera.org\/?post_type=ajde_events&#038;p=37630"},"modified":"2020-07-06T09:47:41","modified_gmt":"2020-07-06T08:47:41","slug":"anuncio-relativo-a-bolsa-de-trabajo-covid","status":"publish","type":"ajde_events","link":"https:\/\/www.utrera.org\/en\/events\/anuncio-relativo-a-bolsa-de-trabajo-covid\/","title":{"rendered":"2\u00aa Ampliaci\u00f3n del plazo Bolsa de Trabajo Covid"},"content":{"rendered":"<p>&nbsp;<\/p>\n<p><span style=\"font-family: arial, helvetica, sans-serif; font-size: 10pt;\"><span style=\"color: #ff0000;\"><strong>IMPORTANT: <\/strong><span style=\"color: #c34e5c;\"><a style=\"color: #c34e5c;\" href=\"https:\/\/www.utrera.org\/wp-content\/uploads\/2020\/07\/ANUNCIO-SEGUNDA-AMPLIACION-PLAZO-SOLICITUD.pdf\">2\u00aa ampliaci\u00f3n: Anuncio ampliaci\u00f3n plazo hasta el 15 de agosto<\/a><\/span><\/span><\/span><\/p>\n<p><a href=\"https:\/\/www.utrera.org\/en\/project\/bolsa-de-trabajo-covid\/\"><span style=\"color: #c34e5c;\">M\u00e1s informaci\u00f3n<\/span><\/a><\/p>","protected":false},"author":10,"featured_media":38077,"menu_order":0,"template":"","meta":{"_et_pb_use_builder":"","_et_pb_old_content":"","_et_gb_content_width":""},"tags":[],"event_type":[580],"event_type_2":[1645,686],"class_list":["post-37630","ajde_events","type-ajde_events","status-publish","has-post-thumbnail","hentry","event_location-ayuntamiento-de-utrera","event_organizer-ayuntamiento-de-utrera","event_type-area-de-presidencia","event_type_2-empleo","event_type_2-eventos"],"yoast_head":"<!-- This site is optimized with the Yoast SEO plugin v27.3 - https:\/\/yoast.com\/product\/yoast-seo-wordpress\/ -->\n<title>2\u00aa Ampliaci\u00f3n del plazo Bolsa de Trabajo Covid - Ayuntamiento de Utrera<\/title>\n<meta name=\"robots\" content=\"index, follow, max-snippet:-1, max-image-preview:large, max-video-preview:-1\" \/>\n<link rel=\"canonical\" href=\"https:\/\/www.utrera.org\/en\/events\/anuncio-relativo-a-bolsa-de-trabajo-covid\/\" \/>\n<meta property=\"og:locale\" content=\"en_GB\" \/>\n<meta property=\"og:type\" content=\"article\" \/>\n<meta property=\"og:title\" content=\"2\u00aa Ampliaci\u00f3n del plazo Bolsa de Trabajo Covid - Ayuntamiento de Utrera\" \/>\n<meta property=\"og:description\" content=\"&nbsp; IMPORTANTE: 2\u00aa ampliaci\u00f3n: Anuncio ampliaci\u00f3n plazo hasta el 15 de agosto M\u00e1s informaci\u00f3n\" \/>\n<meta property=\"og:url\" content=\"https:\/\/www.utrera.org\/en\/events\/anuncio-relativo-a-bolsa-de-trabajo-covid\/\" \/>\n<meta property=\"og:site_name\" content=\"Ayuntamiento de Utrera\" \/>\n<meta property=\"article:publisher\" content=\"https:\/\/www.facebook.com\/AyuntamientodeUtrera\/\" \/>\n<meta property=\"article:modified_time\" content=\"2020-07-06T08:47:41+00:00\" \/>\n<meta property=\"og:image\" content=\"https:\/\/www.utrera.org\/wp-content\/uploads\/2020\/06\/ANUNCIO-SEGUNDA-AMPLIACION-PLAZO-SOLICITUD-1.jpg\" \/>\n\t<meta property=\"og:image:width\" content=\"1000\" \/>\n\t<meta property=\"og:image:height\" content=\"1425\" \/>\n\t<meta property=\"og:image:type\" content=\"image\/jpeg\" \/>\n<meta name=\"twitter:card\" content=\"summary_large_image\" \/>\n<meta name=\"twitter:site\" content=\"@CiudadUtrera\" \/>\n<script type=\"application\/ld+json\" class=\"yoast-schema-graph\">{\"@context\":\"https:\\\/\\\/schema.org\",\"@graph\":[{\"@type\":\"WebPage\",\"@id\":\"https:\\\/\\\/www.utrera.org\\\/events\\\/anuncio-relativo-a-bolsa-de-trabajo-covid\\\/\",\"url\":\"https:\\\/\\\/www.utrera.org\\\/events\\\/anuncio-relativo-a-bolsa-de-trabajo-covid\\\/\",\"name\":\"2\u00aa Ampliaci\u00f3n del plazo Bolsa de Trabajo Covid - Ayuntamiento de Utrera\",\"isPartOf\":{\"@id\":\"https:\\\/\\\/www.utrera.org\\\/#website\"},\"primaryImageOfPage\":{\"@id\":\"https:\\\/\\\/www.utrera.org\\\/events\\\/anuncio-relativo-a-bolsa-de-trabajo-covid\\\/#primaryimage\"},\"image\":{\"@id\":\"https:\\\/\\\/www.utrera.org\\\/events\\\/anuncio-relativo-a-bolsa-de-trabajo-covid\\\/#primaryimage\"},\"thumbnailUrl\":\"https:\\\/\\\/www.utrera.org\\\/wp-content\\\/uploads\\\/2020\\\/06\\\/ANUNCIO-SEGUNDA-AMPLIACION-PLAZO-SOLICITUD-1.jpg\",\"datePublished\":\"2020-06-12T11:43:52+00:00\",\"dateModified\":\"2020-07-06T08:47:41+00:00\",\"breadcrumb\":{\"@id\":\"https:\\\/\\\/www.utrera.org\\\/events\\\/anuncio-relativo-a-bolsa-de-trabajo-covid\\\/#breadcrumb\"},\"inLanguage\":\"en-GB\",\"potentialAction\":[{\"@type\":\"ReadAction\",\"target\":[\"https:\\\/\\\/www.utrera.org\\\/events\\\/anuncio-relativo-a-bolsa-de-trabajo-covid\\\/\"]}]},{\"@type\":\"ImageObject\",\"inLanguage\":\"en-GB\",\"@id\":\"https:\\\/\\\/www.utrera.org\\\/events\\\/anuncio-relativo-a-bolsa-de-trabajo-covid\\\/#primaryimage\",\"url\":\"https:\\\/\\\/www.utrera.org\\\/wp-content\\\/uploads\\\/2020\\\/06\\\/ANUNCIO-SEGUNDA-AMPLIACION-PLAZO-SOLICITUD-1.jpg\",\"contentUrl\":\"https:\\\/\\\/www.utrera.org\\\/wp-content\\\/uploads\\\/2020\\\/06\\\/ANUNCIO-SEGUNDA-AMPLIACION-PLAZO-SOLICITUD-1.jpg\",\"width\":1000,\"height\":1425,\"caption\":\"07E40016808E00G0S0X2Y3Z8O3\"},{\"@type\":\"BreadcrumbList\",\"@id\":\"https:\\\/\\\/www.utrera.org\\\/events\\\/anuncio-relativo-a-bolsa-de-trabajo-covid\\\/#breadcrumb\",\"itemListElement\":[{\"@type\":\"ListItem\",\"position\":1,\"name\":\"Inicio\",\"item\":\"https:\\\/\\\/www.utrera.org\\\/\"},{\"@type\":\"ListItem\",\"position\":2,\"name\":\"Events\",\"item\":\"https:\\\/\\\/www.utrera.org\\\/events\\\/\"},{\"@type\":\"ListItem\",\"position\":3,\"name\":\"2\u00aa Ampliaci\u00f3n del plazo Bolsa de Trabajo Covid\"}]},{\"@type\":\"WebSite\",\"@id\":\"https:\\\/\\\/www.utrera.org\\\/#website\",\"url\":\"https:\\\/\\\/www.utrera.org\\\/\",\"name\":\"Ayuntamiento de Utrera\",\"description\":\"Web Municipal del Ayuntamiento de Utrera\",\"potentialAction\":[{\"@type\":\"SearchAction\",\"target\":{\"@type\":\"EntryPoint\",\"urlTemplate\":\"https:\\\/\\\/www.utrera.org\\\/?s={search_term_string}\"},\"query-input\":{\"@type\":\"PropertyValueSpecification\",\"valueRequired\":true,\"valueName\":\"search_term_string\"}}],\"inLanguage\":\"en-GB\"}]}<\/script>\n<!-- \/ Yoast SEO plugin. -->","yoast_head_json":{"title":"2\u00aa Ampliaci\u00f3n del plazo Bolsa de Trabajo Covid - Ayuntamiento de Utrera","robots":{"index":"index","follow":"follow","max-snippet":"max-snippet:-1","max-image-preview":"max-image-preview:large","max-video-preview":"max-video-preview:-1"},"canonical":"https:\/\/www.utrera.org\/en\/events\/anuncio-relativo-a-bolsa-de-trabajo-covid\/","og_locale":"en_GB","og_type":"article","og_title":"2\u00aa Ampliaci\u00f3n del plazo Bolsa de Trabajo Covid - Ayuntamiento de Utrera","og_description":"&nbsp; IMPORTANTE: 2\u00aa ampliaci\u00f3n: Anuncio ampliaci\u00f3n plazo hasta el 15 de agosto M\u00e1s informaci\u00f3n","og_url":"https:\/\/www.utrera.org\/en\/events\/anuncio-relativo-a-bolsa-de-trabajo-covid\/","og_site_name":"Ayuntamiento de Utrera","article_publisher":"https:\/\/www.facebook.com\/AyuntamientodeUtrera\/","article_modified_time":"2020-07-06T08:47:41+00:00","og_image":[{"width":1000,"height":1425,"url":"https:\/\/www.utrera.org\/wp-content\/uploads\/2020\/06\/ANUNCIO-SEGUNDA-AMPLIACION-PLAZO-SOLICITUD-1.jpg","type":"image\/jpeg"}],"twitter_card":"summary_large_image","twitter_site":"@CiudadUtrera","schema":{"@context":"https:\/\/schema.org","@graph":[{"@type":"WebPage","@id":"https:\/\/www.utrera.org\/events\/anuncio-relativo-a-bolsa-de-trabajo-covid\/","url":"https:\/\/www.utrera.org\/events\/anuncio-relativo-a-bolsa-de-trabajo-covid\/","name":"2\u00aa Ampliaci\u00f3n del plazo Bolsa de Trabajo Covid - Ayuntamiento de Utrera","isPartOf":{"@id":"https:\/\/www.utrera.org\/#website"},"primaryImageOfPage":{"@id":"https:\/\/www.utrera.org\/events\/anuncio-relativo-a-bolsa-de-trabajo-covid\/#primaryimage"},"image":{"@id":"https:\/\/www.utrera.org\/events\/anuncio-relativo-a-bolsa-de-trabajo-covid\/#primaryimage"},"thumbnailUrl":"https:\/\/www.utrera.org\/wp-content\/uploads\/2020\/06\/ANUNCIO-SEGUNDA-AMPLIACION-PLAZO-SOLICITUD-1.jpg","datePublished":"2020-06-12T11:43:52+00:00","dateModified":"2020-07-06T08:47:41+00:00","breadcrumb":{"@id":"https:\/\/www.utrera.org\/events\/anuncio-relativo-a-bolsa-de-trabajo-covid\/#breadcrumb"},"inLanguage":"en-GB","potentialAction":[{"@type":"ReadAction","target":["https:\/\/www.utrera.org\/events\/anuncio-relativo-a-bolsa-de-trabajo-covid\/"]}]},{"@type":"ImageObject","inLanguage":"en-GB","@id":"https:\/\/www.utrera.org\/events\/anuncio-relativo-a-bolsa-de-trabajo-covid\/#primaryimage","url":"https:\/\/www.utrera.org\/wp-content\/uploads\/2020\/06\/ANUNCIO-SEGUNDA-AMPLIACION-PLAZO-SOLICITUD-1.jpg","contentUrl":"https:\/\/www.utrera.org\/wp-content\/uploads\/2020\/06\/ANUNCIO-SEGUNDA-AMPLIACION-PLAZO-SOLICITUD-1.jpg","width":1000,"height":1425,"caption":"07E40016808E00G0S0X2Y3Z8O3"},{"@type":"BreadcrumbList","@id":"https:\/\/www.utrera.org\/events\/anuncio-relativo-a-bolsa-de-trabajo-covid\/#breadcrumb","itemListElement":[{"@type":"ListItem","position":1,"name":"Inicio","item":"https:\/\/www.utrera.org\/"},{"@type":"ListItem","position":2,"name":"Events","item":"https:\/\/www.utrera.org\/events\/"},{"@type":"ListItem","position":3,"name":"2\u00aa Ampliaci\u00f3n del plazo Bolsa de Trabajo Covid"}]},{"@type":"WebSite","@id":"https:\/\/www.utrera.org\/#website","url":"https:\/\/www.utrera.org\/","name":"City Council of Utrera","description":"Web Municipal del Ayuntamiento de Utrera","potentialAction":[{"@type":"SearchAction","target":{"@type":"EntryPoint","urlTemplate":"https:\/\/www.utrera.org\/?s={search_term_string}"},"query-input":{"@type":"PropertyValueSpecification","valueRequired":true,"valueName":"search_term_string"}}],"inLanguage":"en-GB"}]}},"_links":{"self":[{"href":"https:\/\/www.utrera.org\/en\/wp-json\/wp\/v2\/ajde_events\/37630","targetHints":{"allow":["GET"]}}],"collection":[{"href":"https:\/\/www.utrera.org\/en\/wp-json\/wp\/v2\/ajde_events"}],"about":[{"href":"https:\/\/www.utrera.org\/en\/wp-json\/wp\/v2\/types\/ajde_events"}],"author":[{"embeddable":true,"href":"https:\/\/www.utrera.org\/en\/wp-json\/wp\/v2\/users\/10"}],"wp:featuredmedia":[{"embeddable":true,"href":"https:\/\/www.utrera.org\/en\/wp-json\/wp\/v2\/media\/38077"}],"wp:attachment":[{"href":"https:\/\/www.utrera.org\/en\/wp-json\/wp\/v2\/media?parent=37630"}],"wp:term":[{"taxonomy":"post_tag","embeddable":true,"href":"https:\/\/www.utrera.org\/en\/wp-json\/wp\/v2\/tags?post=37630"},{"taxonomy":"event_type","embeddable":true,"href":"https:\/\/www.utrera.org\/en\/wp-json\/wp\/v2\/event_type?post=37630"},{"taxonomy":"event_type_2","embeddable":true,"href":"https:\/\/www.utrera.org\/en\/wp-json\/wp\/v2\/event_type_2?post=37630"}],"curies":[{"name":"wp","href":"https:\/\/api.w.org\/{rel}","templated":true}]}}

2ª Ampliación del plazo Bolsa de Trabajo Covid

<p>&nbsp;</p>
<p><span style="font-family: arial, helvetica, sans-serif; font-size: 10pt;"><span style="color: #ff0000;"><strong>IMPORTANT: </strong><span style="color: #c34e5c;"><a style="color: #c34e5c;" href="https://www.utrera.org/wp-content/uploads/2020/07/ANUNCIO-SEGUNDA-AMPLIACION-PLAZO-SOLICITUD.pdf">2ª ampliación: Anuncio ampliación plazo hasta el 15 de agosto</a></span></span></span></p>
<p><a href="https://www.utrera.org/en/project/bolsa-de-trabajo-covid/"><span style="color: #c34e5c;">Más información</span></a></p>

<!-- This site is optimized with the Yoast SEO plugin v27.3 - https://yoast.com/product/yoast-seo-wordpress/ -->
<title>2ª Ampliación del plazo Bolsa de Trabajo Covid - Ayuntamiento de Utrera</title>
<meta name="robots" content="index, follow, max-snippet:-1, max-image-preview:large, max-video-preview:-1" />
<link rel="canonical" href="https://www.utrera.org/en/events/anuncio-relativo-a-bolsa-de-trabajo-covid/" />
<meta property="og:locale" content="en_GB" />
<meta property="og:type" content="article" />
<meta property="og:title" content="2ª Ampliación del plazo Bolsa de Trabajo Covid - Ayuntamiento de Utrera" />
<meta property="og:description" content="&nbsp; IMPORTANTE: 2ª ampliación: Anuncio ampliación plazo hasta el 15 de agosto Más información" />
<meta property="og:url" content="https://www.utrera.org/en/events/anuncio-relativo-a-bolsa-de-trabajo-covid/" />
<meta property="og:site_name" content="Ayuntamiento de Utrera" />
<meta property="article:publisher" content="https://www.facebook.com/AyuntamientodeUtrera/" />
<meta property="article:modified_time" content="2020-07-06T08:47:41+00:00" />
<meta property="og:image" content="https://www.utrera.org/wp-content/uploads/2020/06/ANUNCIO-SEGUNDA-AMPLIACION-PLAZO-SOLICITUD-1.jpg" />
	<meta property="og:image:width" content="1000" />
	<meta property="og:image:height" content="1425" />
	<meta property="og:image:type" content="image/jpeg" />
<meta name="twitter:card" content="summary_large_image" />
<meta name="twitter:site" content="@CiudadUtrera" />
<script type="application/ld+json" class="yoast-schema-graph">{"@context":"https:\/\/schema.org","@graph":[{"@type":"WebPage","@id":"https:\/\/www.utrera.org\/events\/anuncio-relativo-a-bolsa-de-trabajo-covid\/","url":"https:\/\/www.utrera.org\/events\/anuncio-relativo-a-bolsa-de-trabajo-covid\/","name":"2ª Ampliación del plazo Bolsa de Trabajo Covid - Ayuntamiento de Utrera","isPartOf":{"@id":"https:\/\/www.utrera.org\/#website"},"primaryImageOfPage":{"@id":"https:\/\/www.utrera.org\/events\/anuncio-relativo-a-bolsa-de-trabajo-covid\/#primaryimage"},"image":{"@id":"https:\/\/www.utrera.org\/events\/anuncio-relativo-a-bolsa-de-trabajo-covid\/#primaryimage"},"thumbnailUrl":"https:\/\/www.utrera.org\/wp-content\/uploads\/2020\/06\/ANUNCIO-SEGUNDA-AMPLIACION-PLAZO-SOLICITUD-1.jpg","datePublished":"2020-06-12T11:43:52+00:00","dateModified":"2020-07-06T08:47:41+00:00","breadcrumb":{"@id":"https:\/\/www.utrera.org\/events\/anuncio-relativo-a-bolsa-de-trabajo-covid\/#breadcrumb"},"inLanguage":"en-GB","potentialAction":[{"@type":"ReadAction","target":["https:\/\/www.utrera.org\/events\/anuncio-relativo-a-bolsa-de-trabajo-covid\/"]}]},{"@type":"ImageObject","inLanguage":"en-GB","@id":"https:\/\/www.utrera.org\/events\/anuncio-relativo-a-bolsa-de-trabajo-covid\/#primaryimage","url":"https:\/\/www.utrera.org\/wp-content\/uploads\/2020\/06\/ANUNCIO-SEGUNDA-AMPLIACION-PLAZO-SOLICITUD-1.jpg","contentUrl":"https:\/\/www.utrera.org\/wp-content\/uploads\/2020\/06\/ANUNCIO-SEGUNDA-AMPLIACION-PLAZO-SOLICITUD-1.jpg","width":1000,"height":1425,"caption":"07E40016808E00G0S0X2Y3Z8O3"},{"@type":"BreadcrumbList","@id":"https:\/\/www.utrera.org\/events\/anuncio-relativo-a-bolsa-de-trabajo-covid\/#breadcrumb","itemListElement":[{"@type":"ListItem","position":1,"name":"Inicio","item":"https:\/\/www.utrera.org\/"},{"@type":"ListItem","position":2,"name":"Events","item":"https:\/\/www.utrera.org\/events\/"},{"@type":"ListItem","position":3,"name":"2ª Ampliación del plazo Bolsa de Trabajo Covid"}]},{"@type":"WebSite","@id":"https:\/\/www.utrera.org\/#website","url":"https:\/\/www.utrera.org\/","name":"Ayuntamiento de Utrera","description":"Web Municipal del Ayuntamiento de Utrera","potentialAction":[{"@type":"SearchAction","target":{"@type":"EntryPoint","urlTemplate":"https:\/\/www.utrera.org\/?s={search_term_string}"},"query-input":{"@type":"PropertyValueSpecification","valueRequired":true,"valueName":"search_term_string"}}],"inLanguage":"en-GB"}]}</script>
<!-- / Yoast SEO plugin. -->

2ª Ampliación del plazo Bolsa de Trabajo Covid - Ayuntamiento de Utrera

&nbsp; IMPORTANTE: 2ª ampliación: Anuncio ampliación plazo hasta el 15 de agosto Más información
