{"id":34841,"date":"2019-11-17T20:49:46","date_gmt":"2019-11-17T19:49:46","guid":{"rendered":"https:\/\/www.utrera.org\/?post_type=ajde_events&#038;p=34841"},"modified":"2019-11-17T20:49:46","modified_gmt":"2019-11-17T19:49:46","slug":"centro-de-atencion-infantil-temprana-cait-2","status":"publish","type":"ajde_events","link":"https:\/\/www.utrera.org\/en\/events\/centro-de-atencion-infantil-temprana-cait-2\/","title":{"rendered":"CENTRO DE ATENCI\u00d3N INFANTIL TEMPRANA CAIT"},"content":{"rendered":"<p style=\"text-align: justify;\">Servicio que presta atenci\u00f3n especializada a la poblaci\u00f3n infantil entre 0 y 6 a\u00f1os, familia y entorno, utilizando para ello t\u00e9cnicas espec\u00edficas de Atenci\u00f3n Temprana a ni\u00f1os y ni\u00f1as que presentan trastornos en su desarrollo o riesgos de padecerlos.<\/p>\n<p style=\"text-align: justify;\">Se trabaja a tres niveles:<br \/>\n<strong>Individual:<\/strong><br \/>\nSe eval\u00faa al ni\u00f1o o la ni\u00f1a y se comprueba si es necesario tratamiento. Si es as\u00ed, se elabora el plan de tratamiento y seguimiento del caso.<\/p>\n<p style=\"text-align: justify;\"><strong>Familiar:<\/strong><br \/>\nSe favorece la din\u00e1mica y relaci\u00f3n entre familia, las personas profesionales y el ni\u00f1o o la ni\u00f1a. Adem\u00e1s se dan orientaciones de trabajo e intervenci\u00f3n en este \u00e1mbito.<\/p>\n<p style=\"text-align: justify;\"><strong>Entorno:<\/strong><br \/>\nSe trabaja con otros profesionales que est\u00e9n en contacto con el ni\u00f1o o la ni\u00f1a (Centros Infantiles, Centros Escolares, EOE, Pediatra, Trabajo Social, Educadores y Educadoras&#8230;) Favoreciendo la integraci\u00f3n de ni\u00f1os y ni\u00f1as y su desarrollo en los distintos \u00e1mbitos. Se accede a trav\u00e9s del Servicio de Pediatr\u00eda de Atenci\u00f3n Primaria.<\/p>","protected":false},"author":10,"featured_media":0,"menu_order":0,"template":"","meta":{"_et_pb_use_builder":"","_et_pb_old_content":"","_et_gb_content_width":""},"tags":[],"event_type":[583],"event_type_2":[9609],"class_list":["post-34841","ajde_events","type-ajde_events","status-publish","hentry","event_organizer-ayuntamiento-de-utrera","event_type-area-de-bienestar-social","event_type_2-guia-socioeducativa"],"yoast_head":"<!-- This site is optimized with the Yoast SEO plugin v27.3 - https:\/\/yoast.com\/product\/yoast-seo-wordpress\/ -->\n<title>CENTRO DE ATENCI\u00d3N INFANTIL TEMPRANA CAIT - Ayuntamiento de Utrera<\/title>\n<meta name=\"robots\" content=\"index, follow, max-snippet:-1, max-image-preview:large, max-video-preview:-1\" \/>\n<link rel=\"canonical\" href=\"https:\/\/www.utrera.org\/en\/events\/centro-de-atencion-infantil-temprana-cait-2\/\" \/>\n<meta property=\"og:locale\" content=\"en_GB\" \/>\n<meta property=\"og:type\" content=\"article\" \/>\n<meta property=\"og:title\" content=\"CENTRO DE ATENCI\u00d3N INFANTIL TEMPRANA CAIT - Ayuntamiento de Utrera\" \/>\n<meta property=\"og:description\" content=\"Servicio que presta atenci\u00f3n especializada a la poblaci\u00f3n infantil entre 0 y 6 a\u00f1os, familia y entorno, utilizando para ello t\u00e9cnicas espec\u00edficas de Atenci\u00f3n Temprana a ni\u00f1os y ni\u00f1as que presentan trastornos en su desarrollo o riesgos de padecerlos. Se trabaja a tres niveles: Individual: Se eval\u00faa al ni\u00f1o o la ni\u00f1a y se comprueba [&hellip;]\" \/>\n<meta property=\"og:url\" content=\"https:\/\/www.utrera.org\/en\/events\/centro-de-atencion-infantil-temprana-cait-2\/\" \/>\n<meta property=\"og:site_name\" content=\"Ayuntamiento de Utrera\" \/>\n<meta property=\"article:publisher\" content=\"https:\/\/www.facebook.com\/AyuntamientodeUtrera\/\" \/>\n<meta name=\"twitter:card\" content=\"summary_large_image\" \/>\n<meta name=\"twitter:site\" content=\"@CiudadUtrera\" \/>\n<meta name=\"twitter:label1\" content=\"Est. reading time\" \/>\n\t<meta name=\"twitter:data1\" content=\"1 minute\" \/>\n<script type=\"application\/ld+json\" class=\"yoast-schema-graph\">{\"@context\":\"https:\\\/\\\/schema.org\",\"@graph\":[{\"@type\":\"WebPage\",\"@id\":\"https:\\\/\\\/www.utrera.org\\\/events\\\/centro-de-atencion-infantil-temprana-cait-2\\\/\",\"url\":\"https:\\\/\\\/www.utrera.org\\\/events\\\/centro-de-atencion-infantil-temprana-cait-2\\\/\",\"name\":\"CENTRO DE ATENCI\u00d3N INFANTIL TEMPRANA CAIT - Ayuntamiento de Utrera\",\"isPartOf\":{\"@id\":\"https:\\\/\\\/www.utrera.org\\\/#website\"},\"datePublished\":\"2019-11-17T19:49:46+00:00\",\"breadcrumb\":{\"@id\":\"https:\\\/\\\/www.utrera.org\\\/events\\\/centro-de-atencion-infantil-temprana-cait-2\\\/#breadcrumb\"},\"inLanguage\":\"en-GB\",\"potentialAction\":[{\"@type\":\"ReadAction\",\"target\":[\"https:\\\/\\\/www.utrera.org\\\/events\\\/centro-de-atencion-infantil-temprana-cait-2\\\/\"]}]},{\"@type\":\"BreadcrumbList\",\"@id\":\"https:\\\/\\\/www.utrera.org\\\/events\\\/centro-de-atencion-infantil-temprana-cait-2\\\/#breadcrumb\",\"itemListElement\":[{\"@type\":\"ListItem\",\"position\":1,\"name\":\"Inicio\",\"item\":\"https:\\\/\\\/www.utrera.org\\\/\"},{\"@type\":\"ListItem\",\"position\":2,\"name\":\"Events\",\"item\":\"https:\\\/\\\/www.utrera.org\\\/events\\\/\"},{\"@type\":\"ListItem\",\"position\":3,\"name\":\"CENTRO DE ATENCI\u00d3N INFANTIL TEMPRANA CAIT\"}]},{\"@type\":\"WebSite\",\"@id\":\"https:\\\/\\\/www.utrera.org\\\/#website\",\"url\":\"https:\\\/\\\/www.utrera.org\\\/\",\"name\":\"Ayuntamiento de Utrera\",\"description\":\"Web Municipal del Ayuntamiento de Utrera\",\"potentialAction\":[{\"@type\":\"SearchAction\",\"target\":{\"@type\":\"EntryPoint\",\"urlTemplate\":\"https:\\\/\\\/www.utrera.org\\\/?s={search_term_string}\"},\"query-input\":{\"@type\":\"PropertyValueSpecification\",\"valueRequired\":true,\"valueName\":\"search_term_string\"}}],\"inLanguage\":\"en-GB\"}]}<\/script>\n<!-- \/ Yoast SEO plugin. -->","yoast_head_json":{"title":"CENTRO DE ATENCI\u00d3N INFANTIL TEMPRANA CAIT - Ayuntamiento de Utrera","robots":{"index":"index","follow":"follow","max-snippet":"max-snippet:-1","max-image-preview":"max-image-preview:large","max-video-preview":"max-video-preview:-1"},"canonical":"https:\/\/www.utrera.org\/en\/events\/centro-de-atencion-infantil-temprana-cait-2\/","og_locale":"en_GB","og_type":"article","og_title":"CENTRO DE ATENCI\u00d3N INFANTIL TEMPRANA CAIT - Ayuntamiento de Utrera","og_description":"Servicio que presta atenci\u00f3n especializada a la poblaci\u00f3n infantil entre 0 y 6 a\u00f1os, familia y entorno, utilizando para ello t\u00e9cnicas espec\u00edficas de Atenci\u00f3n Temprana a ni\u00f1os y ni\u00f1as que presentan trastornos en su desarrollo o riesgos de padecerlos. Se trabaja a tres niveles: Individual: Se eval\u00faa al ni\u00f1o o la ni\u00f1a y se comprueba [&hellip;]","og_url":"https:\/\/www.utrera.org\/en\/events\/centro-de-atencion-infantil-temprana-cait-2\/","og_site_name":"Ayuntamiento de Utrera","article_publisher":"https:\/\/www.facebook.com\/AyuntamientodeUtrera\/","twitter_card":"summary_large_image","twitter_site":"@CiudadUtrera","twitter_misc":{"Est. reading time":"1 minute"},"schema":{"@context":"https:\/\/schema.org","@graph":[{"@type":"WebPage","@id":"https:\/\/www.utrera.org\/events\/centro-de-atencion-infantil-temprana-cait-2\/","url":"https:\/\/www.utrera.org\/events\/centro-de-atencion-infantil-temprana-cait-2\/","name":"CENTRO DE ATENCI\u00d3N INFANTIL TEMPRANA CAIT - Ayuntamiento de Utrera","isPartOf":{"@id":"https:\/\/www.utrera.org\/#website"},"datePublished":"2019-11-17T19:49:46+00:00","breadcrumb":{"@id":"https:\/\/www.utrera.org\/events\/centro-de-atencion-infantil-temprana-cait-2\/#breadcrumb"},"inLanguage":"en-GB","potentialAction":[{"@type":"ReadAction","target":["https:\/\/www.utrera.org\/events\/centro-de-atencion-infantil-temprana-cait-2\/"]}]},{"@type":"BreadcrumbList","@id":"https:\/\/www.utrera.org\/events\/centro-de-atencion-infantil-temprana-cait-2\/#breadcrumb","itemListElement":[{"@type":"ListItem","position":1,"name":"Inicio","item":"https:\/\/www.utrera.org\/"},{"@type":"ListItem","position":2,"name":"Events","item":"https:\/\/www.utrera.org\/events\/"},{"@type":"ListItem","position":3,"name":"CENTRO DE ATENCI\u00d3N INFANTIL TEMPRANA CAIT"}]},{"@type":"WebSite","@id":"https:\/\/www.utrera.org\/#website","url":"https:\/\/www.utrera.org\/","name":"City Council of Utrera","description":"Web Municipal del Ayuntamiento de Utrera","potentialAction":[{"@type":"SearchAction","target":{"@type":"EntryPoint","urlTemplate":"https:\/\/www.utrera.org\/?s={search_term_string}"},"query-input":{"@type":"PropertyValueSpecification","valueRequired":true,"valueName":"search_term_string"}}],"inLanguage":"en-GB"}]}},"_links":{"self":[{"href":"https:\/\/www.utrera.org\/en\/wp-json\/wp\/v2\/ajde_events\/34841","targetHints":{"allow":["GET"]}}],"collection":[{"href":"https:\/\/www.utrera.org\/en\/wp-json\/wp\/v2\/ajde_events"}],"about":[{"href":"https:\/\/www.utrera.org\/en\/wp-json\/wp\/v2\/types\/ajde_events"}],"author":[{"embeddable":true,"href":"https:\/\/www.utrera.org\/en\/wp-json\/wp\/v2\/users\/10"}],"wp:attachment":[{"href":"https:\/\/www.utrera.org\/en\/wp-json\/wp\/v2\/media?parent=34841"}],"wp:term":[{"taxonomy":"post_tag","embeddable":true,"href":"https:\/\/www.utrera.org\/en\/wp-json\/wp\/v2\/tags?post=34841"},{"taxonomy":"event_type","embeddable":true,"href":"https:\/\/www.utrera.org\/en\/wp-json\/wp\/v2\/event_type?post=34841"},{"taxonomy":"event_type_2","embeddable":true,"href":"https:\/\/www.utrera.org\/en\/wp-json\/wp\/v2\/event_type_2?post=34841"}],"curies":[{"name":"wp","href":"https:\/\/api.w.org\/{rel}","templated":true}]}}

CENTRO DE ATENCIÓN INFANTIL TEMPRANA CAIT

<p style="text-align: justify;">Servicio que presta atención especializada a la población infantil entre 0 y 6 años, familia y entorno, utilizando para ello técnicas específicas de Atención Temprana a niños y niñas que presentan trastornos en su desarrollo o riesgos de padecerlos.</p>
<p style="text-align: justify;">Se trabaja a tres niveles:<br />
<strong>Individual:</strong><br />
Se evalúa al niño o la niña y se comprueba si es necesario tratamiento. Si es así, se elabora el plan de tratamiento y seguimiento del caso.</p>
<p style="text-align: justify;"><strong>Familiar:</strong><br />
Se favorece la dinámica y relación entre familia, las personas profesionales y el niño o la niña. Además se dan orientaciones de trabajo e intervención en este ámbito.</p>
<p style="text-align: justify;"><strong>Entorno:</strong><br />
Se trabaja con otros profesionales que estén en contacto con el niño o la niña (Centros Infantiles, Centros Escolares, EOE, Pediatra, Trabajo Social, Educadores y Educadoras&#8230;) Favoreciendo la integración de niños y niñas y su desarrollo en los distintos ámbitos. Se accede a través del Servicio de Pediatría de Atención Primaria.</p>

<!-- This site is optimized with the Yoast SEO plugin v27.3 - https://yoast.com/product/yoast-seo-wordpress/ -->
<title>CENTRO DE ATENCIÓN INFANTIL TEMPRANA CAIT - Ayuntamiento de Utrera</title>
<meta name="robots" content="index, follow, max-snippet:-1, max-image-preview:large, max-video-preview:-1" />
<link rel="canonical" href="https://www.utrera.org/en/events/centro-de-atencion-infantil-temprana-cait-2/" />
<meta property="og:locale" content="en_GB" />
<meta property="og:type" content="article" />
<meta property="og:title" content="CENTRO DE ATENCIÓN INFANTIL TEMPRANA CAIT - Ayuntamiento de Utrera" />
<meta property="og:description" content="Servicio que presta atención especializada a la población infantil entre 0 y 6 años, familia y entorno, utilizando para ello técnicas específicas de Atención Temprana a niños y niñas que presentan trastornos en su desarrollo o riesgos de padecerlos. Se trabaja a tres niveles: Individual: Se evalúa al niño o la niña y se comprueba [&hellip;]" />
<meta property="og:url" content="https://www.utrera.org/en/events/centro-de-atencion-infantil-temprana-cait-2/" />
<meta property="og:site_name" content="Ayuntamiento de Utrera" />
<meta property="article:publisher" content="https://www.facebook.com/AyuntamientodeUtrera/" />
<meta name="twitter:card" content="summary_large_image" />
<meta name="twitter:site" content="@CiudadUtrera" />
<meta name="twitter:label1" content="Est. reading time" />
	<meta name="twitter:data1" content="1 minute" />
<script type="application/ld+json" class="yoast-schema-graph">{"@context":"https:\/\/schema.org","@graph":[{"@type":"WebPage","@id":"https:\/\/www.utrera.org\/events\/centro-de-atencion-infantil-temprana-cait-2\/","url":"https:\/\/www.utrera.org\/events\/centro-de-atencion-infantil-temprana-cait-2\/","name":"CENTRO DE ATENCIÓN INFANTIL TEMPRANA CAIT - Ayuntamiento de Utrera","isPartOf":{"@id":"https:\/\/www.utrera.org\/#website"},"datePublished":"2019-11-17T19:49:46+00:00","breadcrumb":{"@id":"https:\/\/www.utrera.org\/events\/centro-de-atencion-infantil-temprana-cait-2\/#breadcrumb"},"inLanguage":"en-GB","potentialAction":[{"@type":"ReadAction","target":["https:\/\/www.utrera.org\/events\/centro-de-atencion-infantil-temprana-cait-2\/"]}]},{"@type":"BreadcrumbList","@id":"https:\/\/www.utrera.org\/events\/centro-de-atencion-infantil-temprana-cait-2\/#breadcrumb","itemListElement":[{"@type":"ListItem","position":1,"name":"Inicio","item":"https:\/\/www.utrera.org\/"},{"@type":"ListItem","position":2,"name":"Events","item":"https:\/\/www.utrera.org\/events\/"},{"@type":"ListItem","position":3,"name":"CENTRO DE ATENCIÓN INFANTIL TEMPRANA CAIT"}]},{"@type":"WebSite","@id":"https:\/\/www.utrera.org\/#website","url":"https:\/\/www.utrera.org\/","name":"Ayuntamiento de Utrera","description":"Web Municipal del Ayuntamiento de Utrera","potentialAction":[{"@type":"SearchAction","target":{"@type":"EntryPoint","urlTemplate":"https:\/\/www.utrera.org\/?s={search_term_string}"},"query-input":{"@type":"PropertyValueSpecification","valueRequired":true,"valueName":"search_term_string"}}],"inLanguage":"en-GB"}]}</script>
<!-- / Yoast SEO plugin. -->

CENTRO DE ATENCIÓN INFANTIL TEMPRANA CAIT - Ayuntamiento de Utrera

Servicio que presta atención especializada a la población infantil entre 0 y 6 años, familia y entorno, utilizando para ello técnicas específicas de Atención Temprana a niños y niñas que presentan trastornos en su desarrollo o riesgos de padecerlos. Se trabaja a tres niveles: Individual: Se evalúa al niño o la niña y se comprueba [&hellip;]
